mine z(t).
-2
Let c(i) = i**3 - 4*i**2 - 2*i + 4. Let s be (-4)/10 - 539/(-35). Let n = -18 + s. Let j be 10*((-52)/20 - n). Determine c(j).
-4
Let a = 6 - 1. Let s(q) = -4*q + 2*q**2 + q + a*q + 173 - 172. Suppose -3*h + 22 = -5*r, 4*r = 3*h + 12 - 32. What is s(r)?
5
Let u(x) = 10 - 11 - 7*x + x. Suppose 12*j - 12 = 6*j. Determine u(j).
-13
Let d(j) = 6*j + 2. Let m(h) = -12*h + 10. Let t(q) = -q - 22. Let b be t(-23). Let z be m(b). What is d(z)?
-10
Let p(y) = 18*y + 3. Let j(v) = -7*v - 1. Let a(r) = -5*j(r) - 2*p(r). What is a(-7)?
6
Let l(h) be the second derivative of h**5/20 - 2*h**4/3 - h**3/6 - h**2/2 + 34*h + 2. Suppose -4*a + 6 = -a. Let d be a/((-4)/2) + 9. Calculate l(d).
-9
Suppose 0 = -2*y + 12. Let n be ((-10)/3)/((-2)/3). Let t(k) = k**3 - 7*k**2 + 1 + 0*k + n*k + k. Calculate t(y).
1
Let s(w) be the third derivative of -w**4/24 - 11*w**3/3 - 23*w**2. Let t be s(-17). Let i(h) = -h**2 - h + 7. Calculate i(t).
-13
Let s be (60/(-24))/(5/(-4)). Suppose 0 = -s*f, 2*v - 4*v = -f - 4. Suppose v*k = -6*k. Let g(x) = x + 5. What is g(k)?
5
Let v be (-5 - 185/(-25))/(3/10). Suppose -2*t - v*p + 3*p = 2, 2*t - p = -2. Let m(x) = 2*x**3 - 2*x - 1. What is m(t)?
-1
Suppose -5*c + 1 = -24, 298 = -4*h + 2*c. Let g = -68 - h. Let p(x) = -x**2 + x - 4. What is p(g)?
-16
Let v(f) be the third derivative of 0*f - 1/120*f**6 + 1/10*f**5 + 0 - 7/24*f**4 + 1/6*f**3 + 20*f**2. Calculate v(5).
-9
Let a be (-2)/(-5)*(7 + 3). Suppose 5*f - 1 = -3*x, x - 5 + 0 = 3*f. Let r(w) = w**3 - 3*w**x - 121*w - 3 + 0*w**2 + 117*w. Determine r(a).
-3
Let x = 5 - 11. Suppose 3*r - 5*a + 3*a - 18 = 0, -30 = -5*r + 5*a. Let y(t) = 7 + 3 + t - r. Determine y(x).
-2
Let t(i) be the first derivative of -31 + 1/2*i**2 + 2*i. Let b = 7 + -1. Calculate t(b).
8
Suppose -7*g + 4*g - 45 = n, 3*n + g = -159. Let q = 50 + n. Let v(x) = -x**3 - 5*x**2 - 2*x + 3. Give v(q).
-5
Let g(i) = i - 5. Let j(k) = k**2 - 13*k - 65. Let h be j(-4). What is g(h)?
-2
Let c(t) = -2*t + 3. Let a be (-3 - 152/(-20)) + 2/5. Suppose -a*i - 8 = -7*i. What is c(i)?
-5
Let d(y) = y + 7. Let c be -4 - 1/((-6 + 5)/1). What is d(c)?
4
Let u(s) = -s**2 - s + 2. Let v(n) = -n + 1. Let w(c) = -u(c) + 5*v(c). Let d be (-6 - -6) + 5 + -1. Suppose -7*g = -d*g - 12. Give w(g).
3
Let p(a) = a**3 - 21*a**2 + 20*a + 6. Let h be p(20). Suppose -r + h = 2*u, 3*r + u + u = 6. Let o(w) = -w**3 + 5. What is o(r)?
5
Let y(r) = -3*r**3 - 1 + 3*r + 2*r**3 - 2*r**2 + 0*r**3 - r. Let x(p) = -p**2 + 4*p + 22. Let g be x(7). Calculate y(g).
-2
Let u(x) = x**3 - 6*x**2 + 4*x + 4. Suppose -5*z + 8 = -12. Let m be ((-42)/(-4))/(z/(-8)). Let a be ((-20)/(-14))/((-6)/m). Determine u(a).
-1
Let n be 0 + -28*3/12. Let u(r) be the third derivative of -r**6/120 - r**5/10 + 5*r**4/24 - 3*r**3/2 + 2*r**2. Determine u(n).
5
Let a = -68 - -41. Let c = a + 31. Let l(z) = -6*z - 16. Let m(q) = q + 3. Let x(o) = -2*l(o) - 11*m(o). Calculate x(c).
3
Let u(b) = -b. Let m(s) = 2*s**2 + 22*s + 3. Let n be m(-11). Determine u(n).
-3
Let y(v) = -5 + 3*v - 4*v - 5 + 9. Let u = -9 - -4. Give y(u).
4
Let x(b) be the first derivative of -7*b - 44 - 1/3*b**3 + 9/2*b**2. Calculate x(6).
11
Let y(p) = p**2 + 11*p + 2. Suppose -4*x - 5*c = -145 - 91, -154 = -3*x + 2*c. Let j = x - 63. What is y(j)?
-16
Let w(y) = -y + 11. Suppose -k + 4 = 4*u - 5, 0 = -5*u + 4*k + 27. Give w(u).
8
Let r(d) be the second derivative of 0 - 2*d - 1/6*d**3 + 2*d**2. Determine r(4).
0
Let f = 23 - 23. Suppose f = 2*d + 2*d - 24. Let t(k) = 2*k + 5. Calculate t(d).
17
Let r(i) = i**3 - 3*i**2 - 11*i + 4. Let z(x) = -x**3 + 4*x**2 + 9*x - 3. Let c(v) = 5*r(v) + 6*z(v). Give c(9).
-7
Let u(b) = 4*b**3 + 6*b**2 - 3*b + 6. Let m(s) = 3*s**3 + 5*s**2 - 3*s + 5. Let w(f) = 3*m(f) - 2*u(f). Calculate w(-5).
-32
Let h(t) = 3 - 5 - 2*t + 7 - 3*t**2. Let v(q) = 10*q**2 + 5*q - 14. Let o(c) = -11*h(c) - 4*v(c). Suppose 5 = -7*a - 2. Determine o(a).
-8
Let t = -97 + 87. Let b be -1*2 + (-18 - t). Let p(m) = m + 13. Determine p(b).
3
Let l(n) be the third derivative of n**6/120 + 3*n**5/20 + 5*n**4/12 + n**3/6 + 97*n**2. Give l(-8).
-15
Let s(d) = d**3 + 3*d**2 - 3*d - 6. Let p be 3 + -3 - -3*3. Suppose p = -w + 5. Calculate s(w).
-10
Let d(g) = 4*g**2 - 10 - 3*g**2 - 5*g - 2*g. Let v = -390 - -398. What is d(v)?
-2
Suppose -u = -2*u + 4. Let l(i) = -3*i + 2. Let w(r) = 5*r - 3. Let p = 19 - 30. Let o(d) = p*l(d) - 6*w(d). What is o(u)?
8
Let m(p) = -2 + 13 - 7 + 0 + 2*p. Determine m(-5).
-6
Let m(r) = -r**3 + 2*r**2 - 4*r - 1. Let t be ((-2)/(-1) + 1)*-2 - -8. What is m(t)?
-9
Let j(x) = x**2 + 3*x - 3. Let t = 106 - 101. Let s be (t + -6)*-3*4/(-3). Give j(s).
1
Suppose 0 = 2*r + 2*q - 122, 4*q - q = 4*r - 258. Let i = r + -44. Suppose 5*w = -16 - i. Let a(s) = -s**3 - 6*s**2 + 6*s - 4. Determine a(w).
3
Suppose 53*m - 45*m - 32 = 0. Let o(y) = y**3 - 4*y**2 + y + 1. What is o(m)?
5
Suppose -2*n = -10 + 2. Let i(a) = -7*a + 3 + 21*a - 15*a + 2. Determine i(n).
1
Let h(u) = -u**2 - 3*u + 1. Let g(i) = -2*i**2 - 5*i + 9. Let v be g(-4). Let o(k) = -3*k - 15. Let x be o(v). What is h(x)?
-17
Let c(f) = f + 8. Suppose -23*s = -25*s + 2*g + 26, 0 = 4*s + 4*g - 12. Determine c(s).
16
Let g(c) = -c**3 + c + 17. Suppose 0 = 4*f - 20, 0 = -j + 2*f + 2*f - 12. Let o(t) = -t**3 + 9*t**2 - 7*t - 8. Let r be o(j). Calculate g(r).
17
Let c(f) be the second derivative of 0 - 1/12*f**4 - 1/6*f**3 - 7*f - 1/20*f**5 - 3/2*f**2. Determine c(0).
-3
Let d(o) = -7*o**2 + 4*o - 10. Let t(c) = 9*c**2 - 5*c + 12. Let y(u) = -6*d(u) - 5*t(u). Determine y(-2).
-14
Let v = -9 + 11. Let x = 2 - 0. Let f(d) = 2*d**3 - d**3 - 3*d + d**x + d. Determine f(v).
8
Let u(i) be the third derivative of i**4/12 + 5*i**3/6 + 3*i**2. Suppose -w - 10 = -0. Let s be (w/(-15))/(3/(-27)). Determine u(s).
-7
Let t(r) be the first derivative of -7*r**2/2 - r + 11. Let q be (5 - 3) + (1 - 2). Determine t(q).
-8
Let m(u) = -61*u**3 + 14 + 60*u**3 + 18 - 12*u**2 + 16*u. Let p be m(-13). Let b(s) = s**3 + 6*s**2 - 7*s - 5. Calculate b(p).
-5
Let v(o) = 4*o**2 - 4. Let r be (3 - (4 - 0))*2. Calculate v(r).
12
Suppose 34*a + 540 = -26*a. Let s(p) = -p**2 - 4*p - 2. Give s(a).
-47
Let d(y) = y + 12. Let p be d(-10). Let b(m) = 2*m + 2. Determine b(p).
6
Let i(v) = v + v**3 + 2*v - 3*v + 0*v - v**2. Let r = 8 + -9. Calculate i(r).
-2
Let m(i) = 2074 + 2*i - 4152 + 2072. Let w be 12*(16/6)/(-4). Give m(w).
-22
Suppose 5*d = d. Let n(o) be the third derivative of 0*o + 0 - 1/24*o**4 - o**3 + 6*o**2. Determine n(d).
-6
Let r(l) be the third derivative of -l**6/120 - l**5/10 + l**4/12 - 5*l**3/3 - 82*l**2. Calculate r(-7).
25
Let s(p) = -p**2 + 7*p - 5. Suppose -25*l + 17*l + 48 = 0. Calculate s(l).
1
Let i(y) = y**3 + 9*y**2 - 3. Let v be i(-9). Let b(c) = 3 - 5*c - 3 + 3*c - 4. Calculate b(v).
2
Suppose -3958 = x - 3952. Let d(h) = -h**3 - 4*h**2 + 10*h - 11. Calculate d(x).
1
Let f(g) = g**2 + g - 4. Let v be f(-3). Let o be (-1)/(((-4)/v)/2). Suppose o - 8 = -k. Let d(c) = -c**3 + 6*c**2 + 8*c - 1. Determine d(k).
6
Let u(y) = 4*y - 1. Suppose z + 4*z = 10. Let i = z - -13. Let g = i - 14. Determine u(g).
3
Suppose -510 = 24*z - 19*z. Let f = -96 - z. Let m(u) = u**3 - 5*u**2 - 8*u + 7. Determine m(f).
-5
Let n(s) be the third derivative of -1/4*s**4 - 1/60*s**5 + 0 + 6*s**2 - 5/6*s**3 + 0*s. Let w = -5 - 0. Give n(w).
0
Let q(d) = -1 - d**2 - 19*d - 6*d**3 + 47*d - 11*d - 16*d. Give q(1).
-7
Suppose 0 = -4*y - 12. Let w(z) be the third derivative of -z**5/30 + z**4/24 + z**3/6 + 850*z**2. Calculate w(y).
-20
Let t(l) = -l**2 + 6*l - 2. Let r = 23 + -22. Suppose -y + 5 - r = 0. What is t(y)?
6
Suppose 5*y + 3*c = 1, 17*y - 8 = 15*y - 5*c. Let x(l) = -12*l**2 + 32*l. Let q(o) = -o**2 + 3*o. Let t(i) = -32*q(i) + 3*x(i). Calculate t(y).
-4
Let g(a) be the second derivative of -a**7/2520 - a**6/720 + a**5/120 + 31*a**4/12 - 23*a. Let z(r) be the third derivative of g(r). What is z(0)?
1
Suppose 6*m - 23 + 101 = 0. Let f be 72/39 + (-2)/m. Let s(p) = -p**f - 7*p + p**2 + 0*p**2 + p**2. Give s(3).
-12
Suppose 86*f = 88*f - 8. Let y(a) = 12*a**2 - 11*a**2 - 11 + f*a**3 - 3*a**3. What is y(0)?
-11
Let y(n) = -10*n**2 - 7*n + 22. Let w(j) = -5*j**2 - 4*j + 12. Let h(m) = 11*w(m) - 6*y(m). Let g be h(-1). Let o(q) = q**2 - 7*q + 4. What is o